+ 7*x - 1024 = 4*j. Suppose 0 = -3*k - k + x. What is the units digit of k?
7
Let g(s) = -s + 6. Let k(y) = -2*y + 5. Let x(t) = 3*g(t) - 2*k(t). Let c be x(-6). What is the units digit of 0 + (c + -4 - -5)?
3
Suppose 6*c - 6644 = 11086. What is the tens digit of c?
5
Suppose 0 = -13*u + 3990 + 6787. What is the tens digit of u?
2
Let l be (6/(-10))/((-8)/40). Let q(c) = -c + 8. Let y be q(l). Suppose 0 = 2*v - 2*f - 4, 2*v = -3*v - y*f + 30. What is the units digit of v?
4
What is the units digit of ((-18)/8)/((-6)/5144)?
9
Let g(b) = b**3 + 9*b**2 - 13*b - 7. Suppose 2*k + k = 45. Let f = 5 - k. What is the tens digit of g(f)?
2
Let z(b) = -b**3 - 20*b**2 - 94*b - 1. What is the tens digit of z(-22)?
3
Let f = 98 - 83. What is the tens digit of 90/(f/(-24) - -1)?
4
Let i be (-126)/8 + ((-12)/(-16) - 1). What is the hundreds digit of ((-1)/3)/(i/9936)?
2
Let a(h) = 20*h**2 + 246*h - 1. What is the units digit of a(-17)?
7
What is the hundreds digit of (10 + -3 + 3174)/1?
1
Let x(m) = 7*m**2 + 11*m + 2. Let n be x(6). Suppose 41 - n = -2*b - 5*o, -687 = -5*b - 2*o. What is the hundreds digit of b?
1
Suppose 5 + 13 = -2*p. Let w be ((-30)/p)/((-6)/(-9)). Suppose -w*s + 0*s = -90. What is the units digit of s?
8
Suppose g - 69 = 2*x, x + 264 = 4*g - 33. Let o = g - -28. Suppose -3*t + o = -14. What is the tens digit of t?
3
Let f = 1381 - -1066. What is the hundreds digit of f?
4
Let i = 42 - 32. What is the tens digit of (-15)/i*(-208)/6?
5
Suppose 4*w = 5*w + j + 4, 4*j + 16 = -5*w. Suppose w = 5*p - 2*l - 918, -p - 906 = -6*p - l. What is the hundreds digit of p?
1
Suppose -10*n - 4*t = -5*n - 2503, t = -3. What is the units digit of n?
3
Suppose 12*i + 22*i = 91766. What is the tens digit of i?
9
Suppose -1402*d + 1401*d + 259 = 0. What is the units digit of d?
9
What is the units digit of (-527940)/(-504)*(0 + 12/5)?
4
Suppose 5*u - 3*o = 226, -5*u - 2*o = -3*o - 222. Suppose u = 4*n - 80. What is the units digit of n?
1
Suppose 20*f + 779 = 5199. What is the units digit of f?
1
Suppose -z - 2*l + 419 = 0, 0 = -3*z + 4*l + 123 + 1164. What is the units digit of z?
5
Suppose 2*a = 5*i + 13, -5*i + 6 = -5*a + 31. Suppose 4*l + 0*h - 11 = 3*h, 0 = l - a*h - 6. Suppose q = l*q - 22. What is the tens digit of q?
2
Suppose -h = -3*s + 779 + 4824, -5*h + 9365 = 5*s. What is the hundreds digit of s?
8
What is the hundreds digit of -454*1/(-2)*11?
4
What is the tens digit of 11 + 1 + -6 - -1781?
8
Suppose 0 = -3*m + 15, 2*p = -4*m + 232 + 2608. What is the units digit of p?
0
Let w = 13 + -11. Let k(c) = 24*c + 6. What is the units digit of k(w)?
4
Suppose 4*a + 63 = 223. Suppose -3*w + 225 + a = -5*k, w - 5*k - 95 = 0. What is the units digit of w?
5
Let l(c) = -5*c**3 - 19*c**2 - 17*c - 25. Let x(h) = 4*h**3 + 19*h**2 + 16*h + 25. Let j(k) = 5*l(k) + 6*x(k). What is the tens digit of j(19)?
3
Suppose -3*n = -s + n + 28, -16 = -3*s - 5*n. Suppose -5*t + s = -353. What is the tens digit of t?
7
Let r be 6*(1/2 - 0). Suppose 0 = -5*n + r*o + 87, 5*n - o - 79 = -0*n. What is the units digit of n?
5
Suppose 7*w - 2*w + 50 = 0. Let x = -5 - w. Suppose x*f - 51 - 24 = 0. What is the tens digit of f?
1
Suppose -3*k = 2*k - 10. Suppose -4*v = -k*b + 4, 4*b - 4 = -4*v + 16. What is the tens digit of 141*3/9*v?
4
Suppose 2*a - a + 115 = -5*o, -4*o = 5*a + 491. Let k be (8/10)/((-38)/a). Let u(q) = 14*q**2 - 6*q - 1. What is the units digit of u(k)?
3
Let g(p) = -p**3 - 12*p**2 - 12*p - 16. Let k be g(-10). Let q = -81 - k. What is the units digit of q?
5
Let s(t) = -t**3 + 17*t**2 - 26*t - 26. What is the units digit of s(14)?
8
Suppose 18191 = 4*h + 1155. What is the thousands digit of h?
4
Let z = -40 + 44. What is the units digit of 16676/110 - -1*z/10?
2
Suppose 26*v = 10*v + 11312. What is the units digit of v?
7
Let n = -4 + 6. Let i be (-1)/(n/4*-1). Suppose -i*y - 165 = -5*t, -5*y + 2*y = 15. What is the units digit of t?
1
Let t(w) = -7*w - 25. Let g be t(-12). Suppose 5*z - g = 26. What is the units digit of z?
7
Let d = 9 - 24. What is the tens digit of 2/((-2 - 1)/d)?
1
Let g(b) be the second derivative of b**4/6 + 5*b**3/3 + 10*b**2 + 12*b. What is the units digit of g(-8)?
8
Let k = 2448 + -1590. What is the tens digit of k?
5
Suppose 29 + 4 = j. Let b = 124 - j. Let r = b + -49. What is the tens digit of r?
4
Let f(y) = 12*y + 4. Let i be f(-2). Let h be (1 + 68)/(30/i). What is the tens digit of (-12)/(-8) + h/(-4)?
1
Let u = 11 + -11. Suppose 3*m + 3*l + 12 = u, -5*m - 3*l - 32 = -l. Let k = 26 + m. What is the tens digit of k?
1
Suppose 7*a = -9*a - 336. Suppose -2*w = -l + 5*l - 6, 2*l - 18 = 2*w. Let g = w - a. What is the units digit of g?
6
Let g(d) = 29*d - 1. Let c be g(-2). Let a = c - -171. What is the hundreds digit of a?
1
Let a(b) be the third derivative of -5*b**4/24 - b**3 - b**2. Let x(o) = -5*o - 5. Let n(i) = 2*a(i) - 3*x(i). What is the units digit of n(4)?
3
Let c be (32/(-6))/((-10)/15). Suppose -4*k = -c*k + 56. What is the tens digit of k?
1
Let l(y) = -y + 1. Let c(j) = 12*j + 7. Let u(m) = -c(m) - 6*l(m). Let r be (-8 - (-1 - 3)) + -3. What is the units digit of u(r)?
9
Suppose 5 + 2 = l + r, -7 = 2*l - 5*r. Suppose 0*a - 18 = 5*s - 3*a, 4*a = l*s + 16. Let v(m) = -2*m**3 - 4*m**2 - 2*m + 3. What is the units digit of v(s)?
7
Let a(u) = 462*u**2 - 27*u + 2. What is the hundreds digit of a(2)?
7
Suppose -2*s + 5*s + 3*r = 729, 5*s + 2*r - 1203 = 0. What is the tens digit of s?
3
Suppose 6*b - 4*b = 4. Suppose -5*u + 4*u + 47 = -2*g, -2*u - b*g + 106 = 0. What is the tens digit of u?
5
Suppose 0 = -4*u + 2*w + w + 1, 5*w - 41 = -4*u. Suppose -4 - u = -2*k. Let j(x) = 2*x**2 - 3*x - 7. What is the tens digit of j(k)?
1
Suppose 2*k - 3 + 62 = 3*d, 25 = 5*k. Let v = -11 + d. What is the units digit of v?
2
Suppose -2590 = -5*h + s, 25 = 3*s - 8*s. What is the tens digit of h?
1
Let x(y) = y**2 - 6*y + 4. Let s be x(6). Suppose -3*r = -3*k - 2*k + 27, -1 = 5*k + s*r. What is the units digit of k/24 - (-127)/8?
6
Suppose -2*p + 0*p = 4*f - 4150, f - 1045 = -3*p. What is the tens digit of f?
3
Let b = -47 - -33. What is the tens digit of (2*-12)/(b/(-18) + -1)?
0
Let s(o) = -o**2 - 10*o - 19. Let r be s(-6). Suppose -74 = -2*z + 3*i, 19 + 23 = 2*z + r*i. What is the tens digit of z?
3
What is the units digit of (18123/105)/(2/30)?
9
Let x = 101 + 122. What is the units digit of x?
3
Let g(l) = -l**3 - 7*l**2 - 8*l + 2. Let o be g(-6). Suppose p + o - 19 = 0. Suppose -p*h - 4*b = -64, -h - b = 4*h - 76. What is the tens digit of h?
1
Let c be 2 + -4 + -324 + -4. Let r = -192 - c. What is the tens digit of r?
3
Let t(m) = -10 + 0*m**3 + 5*m - m**3 - 14*m - 8*m**2. Let w be t(-7). Suppose 5*h - 83 = -2*a, 2*a - w*h - 67 = -a. What is the tens digit of a?
2
Let a(i) = 7*i**2 - 4 + 2*i**3 - 7*i + 13 - 8*i**2. What is the units digit of a(4)?
3
Suppose 4*s = 2*o + 5*s - 979, 0 = -4*o + 5*s + 1923. What is the hundreds digit of o?
4
Let a(i) = -i**3 + 22*i**2 - 19*i - 11. Suppose -4*d + 2*d + 42 = 0. What is the tens digit of a(d)?
3
Let j(g) = 16*g - 15. Let y(u) = -16*u + 14. Let w(v) = 4*j(v) + 3*y(v). What is the tens digit of w(4)?
4
Let v = -476 - -1524. What is the hundreds digit of v?
0
Suppose 16*j = -j + 52241. What is the thousands digit of j?
3
Let z(b) = b**3 + 6*b**2 - 10*b - 16. Let r be z(-10). Let c = 474 + r. What is the tens digit of c?
5
Let n(r) = r**2 - 2*r + 486. Let o be n(0). Suppose o = 3*q + q + y, 5*q - 608 = -y. What is the hundreds digit of q?
1
Suppose 6*l + 39 - 147 = 0. Let v = 103 - l. What is the tens digit of v?
8
Let w be (-5)/((-10)/(-4)) - -5. Suppose -20 = 4*y + i - 5*i, 4*y - w*i + 15 = 0. Let a = y + 17. What is the units digit of a?
7
Let n = 62 - -87. Suppose 0 = -4*y + 4, k + 3*y - n = 8*y. What is the tens digit of k?
5
Suppose -2*f = -4 + 2. Suppose -c = 2*c - 108. Let h = c - f. What is the tens digit of h?
3
Let a(k) = 11*k + 27. Let n be a(-12). Let v = -58 - n. What is the tens digit of v?
4
What is the units digit of 3542/6 - (7 + (-120)/18)?
0
What is the tens digit of 1/4*(-50312)/(-19)?
6
Let p be (-2)/(-4)*22*2. Suppose -10 + p = 4*m. Suppose 0 = -m*h + y + 2, -2*h = 2*y - 0*y - 12. What is the units digit of h?
2
Suppose 9646 = 4*d + 3*q - q, 2*q = -d + 2407. What is the 